). Calculate w(s).
1
Let l = 0 - 1. Let w = -2 + l. Let v(c) = c**2 + 7*c + 4. Determine v(w).
-8
Let d(p) = 3*p + 2. Suppose 4*u = 3*u - 2*f + 3, 0 = -3*u - 2*f + 5. Suppose -2 = -3*t + u. Let z = t + -5. What is d(z)?
-10
Let o = -12 + 14. Let h(p) = -p**2 - o + 2*p**2 + 49*p - 43*p + 5. Determine h(-5).
-2
Let t(g) = -7*g**3 + g**2 - g - 1. Suppose -4*p + 20 = -5*c, c + 3*p - 20 = -p. Suppose c = -14*m + 18*m + 4. Calculate t(m).
8
Let z be (-7)/1*(-2 + 3). Let v = z + 4. Let y(c) = c**2 - 4. What is y(v)?
5
Let v(w) = -2*w - 5. Let b be v(-5). Let g(q) = -2*q + 1 + q - b*q. Let h be (-4)/(-14) + 10/14. Give g(h).
-5
Let z(l) be the first derivative of 0*l**2 + l + 3 + 1/3*l**3 + 1/4*l**4. Let n be (1 + -1)/(0 + -1). Calculate z(n).
1
Let w(d) = 16*d**2 - d. Let m(n) = n + 1. Let o be m(0). What is w(o)?
15
Let q(j) = -j**3 + 8*j**2 + 6. Let v(r) = r + 2. Let i be v(6). Let h be q(i). Let o(l) = -7 + h*l**2 - 2*l + 6*l**3 + 0*l**3 - 7*l**3. Give o(5).
8
Let i(b) = b**2 + 6*b + 3. Let v(k) = -6*k - 3. Let y be v(-3). Let r(n) = n - 3. Let h be r(3). Suppose j + y = -h*u - 2*u, 0 = 3*u - 3*j. Determine i(u).
-2
Let a be (-5)/(-10)*-2 - 4. Let z(h) = -h**3 - 6*h**2 - 6*h + 3. What is z(a)?
8
Let x(o) be the third derivative of -o**8/20160 - o**7/5040 + o**6/720 + o**5/60 + 2*o**2. Let h(z) be the third derivative of x(z). Calculate h(-2).
-1
Let v(j) = 3*j**2 + 4*j - 3*j + 2*j - 4*j - 1 + j**3. What is v(-3)?
2
Suppose 5*r - 4*s + 15 = 0, 4*r - s = 3*r - 4. Let z(j) = -4 - 2*j + j**2 + 5 + 0*j - 2*j**3. Give z(r).
-2
Let z(d) be the first derivative of -1 - 1/2*d**2 - 2*d. Determine z(0).
-2
Let b(h) be the first derivative of h**4/24 + h**2/2 - 5. Let x(l) be the second derivative of b(l). What is x(5)?
5
Let z be (2/(-6))/((-2)/6). Let l be (-1 + 9/(-3))*z. Let h(o) = o + 6. Let y be h(l). Let t(m) = m**3 - 3*m**2 + 2*m. What is t(y)?
0
Let q(o) be the second derivative of -o**3/6 + o**2/2 - 8*o. Let v(f) = -f**3 + f**2 + 3*f - 9. Let n(h) = -4*q(h) - v(h). Give n(0).
5
Let s(p) = -4*p**2 + 27*p + 6. Let l(a) = a**2 - 9*a - 2. Let t(k) = -7*l(k) - 2*s(k). Calculate t(-8).
-6
Suppose 6 = a - 0. Suppose n = a*n. Let j(d) = -d**3 + d**2 - 1. Let l(h) = -5*h**3 + 5*h**2 - h - 3. Let z(o) = -4*j(o) + l(o). Calculate z(n).
1
Let r(t) = 5*t**2 - 5*t - 1. Let k(d) = -10*d**2 + 11*d + 2. Let u(b) = 4*k(b) + 9*r(b). What is u(-1)?
5
Let w(n) = -n**2 - 10*n - 10. Suppose -15 = 8*g + 57. What is w(g)?
-1
Let b(l) be the third derivative of l**6/120 - 3*l**2. What is b(0)?
0
Suppose 5 + 15 = 5*g. Suppose -5*i + i = 3*z - 3, -z + g*i + 1 = 0. Let a(h) = -2*h**2 - 1. What is a(z)?
-3
Let s = 12 - 9. Let v(j) = 4*j - 3*j + 0*j + 1. Calculate v(s).
4
Let d = 16 - 15. Let p(w) = -w**2 + w - 1. Let c be p(d). Let l(z) = -5*z**3 - 2*z**2 - z. Calculate l(c).
4
Let d(t) be the second derivative of -2*t**3/3 - t**2 + 17*t + 2. Suppose 2*s - y + 9 = 0, -3*s = 4*y + y - 19. Determine d(s).
6
Let d(r) = r**3 - 3*r**2 + 4*r - 7. Let t be 1/(-3) - 24/9. Let h(a) = a**2 - 1. Let f(z) = t*h(z) + d(z). Determine f(5).
-9
Let o = -5 - -7. Let t(x) = 5*x**2 - 3*x + 1. Let r(l) = -9*l**2 + 6*l - 2. Let g(v) = -3*r(v) - 5*t(v). Calculate g(o).
3
Let q be (-6)/21 + 20/(-28). Let c(h) = -9*h - 1. Calculate c(q).
8
Let g(r) = -r**3 - 6*r**2 - 5*r + 5. Let k be g(-5). Suppose 0 = d - k*b + 21, 3*b - 25 = -2*b. Let i(j) = 1 - d - 15*j - j**3 + 19*j + 3*j**2. What is i(3)?
9
Let y(s) = -2*s**2 - 1 - 5 - 3*s**2 + 2*s**2. Let o(p) = 2*p**2 + 5. Let v(x) = -5*o(x) - 4*y(x). Calculate v(-2).
7
Let w(u) = u - 1. Let r(g) = g**2 - 5*g + 6. Let z(d) = -r(d) - 2*w(d). Give z(4).
-8
Let p(a) be the second derivative of a**4/6 + 2*a**2 + a. Let m(u) = 2*u + 6*u + u**2 + 1 - 8*u. Let l(g) = -12*m(g) + 3*p(g). What is l(-1)?
-6
Let j(k) be the third derivative of -1/8*k**4 - 1/120*k**6 + 11*k**2 + 2/3*k**3 + 0*k + 1/12*k**5 + 0. Give j(3).
13
Let y be 2 - (-3)/((-6)/16). Let w(t) be the first derivative of -t**5/120 - 11*t**4/24 + 4*t**3/3 + 2. Let s(f) be the third derivative of w(f). What is s(y)?
-5
Let s(d) = -6*d**3 + d**2 - 10*d + 1. Let t(r) = 5*r**3 - 2*r**2 + 9*r - 2. Let f(g) = 4*s(g) + 5*t(g). What is f(5)?
-6
Let s(t) = -t**2 - 5*t + 5. Let y be s(-6). Let f be y - (-5 - -3) - -1. Let h(c) = -2*c + 1. Calculate h(f).
-3
Suppose 4 = -6*i + 40. Suppose -3*s = o - 6, -2*s + 4 = -o + 2*o. Let l(x) = -7*x**2 - 2 + s + x**3 - 2 + 6*x. Calculate l(i).
-2
Let a be 10/4*(-28)/(-35). Let w(t) = t**a - 2*t**2 - 4*t + t - 3. Let p = -19 - -16. Give w(p).
-3
Let t(x) = 2*x - 3 - 5*x + 2*x**3 - x. Give t(-2).
-11
Let d(h) = -3*h. Let g be (-2)/(-10) + 144/(-45). Let o(i) = -11*i - i + 13*i. Let b be o(g). What is d(b)?
9
Let x(w) be the first derivative of 1/4*w**4 - 2*w - 2 + 0*w**2 + w**3. Suppose 2*z = -5*f + 4, 2*z + 1 = -z - 4*f. What is x(z)?
-2
Let w(c) = c - 9. Let r be w(11). Let g(m) = m**2 - 2*m**r - 3*m - 3*m. Calculate g(-5).
5
Let i(k) be the first derivative of -3*k**2 - 4*k - 31. What is i(-4)?
20
Let m = -18 + 30. Suppose -8 = 4*s + m. Let z(c) = -c - 4. What is z(s)?
1
Let c(l) = -l. Let i(w) = -4 + 3*w**2 - w**3 - 1 + w + 1. Let m be i(3). What is c(m)?
1
Suppose 4*g = -5*i + 15, -4*i - 4*g + g = -12. Suppose 2*u - 5*a + 9 = 5*u, 6 = 2*u + a. Let z(k) = 3*k**2 - k + 3*k - k**u - 3 + 0*k**3. Give z(i).
3
Let s be (-1 - (-1 - 2))*1. Let b(f) = 4*f - 4 - s + 0 - f**3 - 4*f**2. Calculate b(-5).
-1
Let d be 0*(0 - (-2)/(-4)). Let q(s) = d*s**3 - 4 - 5*s**2 + 0*s**3 + 10*s**2 - s**3 - 3*s. What is q(3)?
5
Let x be 3/(-2*3/6). Let r be x - (2 - 3) - -6. Suppose o - r = 1. Let t(q) = q - 7. What is t(o)?
-2
Suppose -11 = -v - 10. Let r = 1 - -1. Let g(z) = -z - 2*z**3 - r*z**3 + 5*z**3. Give g(v).
0
Let t(h) = -3 + 0*h + 3*h - 4*h + 4. Give t(6).
-5
Suppose -d + 5*g = 6, 5*g - g = -5*d - 1. Let k(w) = -2*w + 1. Let m be k(d). Let j(b) be the second derivative of b**3/6 - 5*b**2/2 + b. Determine j(m).
-2
Let t(p) be the second derivative of 2*p - 1/6*p**4 + p**2 + 0 - 1/2*p**3. Suppose 3*z + 9 = -0. Give t(z).
-7
Let p = 1/48 + 1/16. Let q(g) be the third derivative of -1/6*g**3 + 2*g**2 + 0 + 0*g - 1/20*g**5 - 1/120*g**6 - p*g**4. What is q(-3)?
5
Let v(z) = -z**2 - 12*z - 14. Let s be v(-10). Let q(n) = 2 - n**2 + 6*n - 2*n - 1. What is q(s)?
-11
Suppose 2 = j + 4. Let w(p) = -p - 2. Give w(j).
0
Let a(w) = 3*w + 3*w + 4*w**2 - 4*w + w**2 - 1. Let l = 0 + 1. What is a(l)?
6
Let j(d) = -9*d. Suppose p + 21 = 20. Calculate j(p).
9
Let w(x) = -x + 4. Suppose -5*n = -2*u + 10, 3*u + 0*n = 2*n + 15. Give w(u).
-1
Let g be (-3 - (-4 - -1))/(-1). Let x be 1/(-1) + g/2. Let y(o) = o. Give y(x).
-1
Suppose -5*c = -4*c + 2. Let x(i) = i**2 + 1. Give x(c).
5
Let n be (-3)/(-9) + 8/3. Suppose -2*t + n*t + 4*l + 1 = 0, -5*t - 2*l - 5 = 0. Let p(z) = 6*z. Give p(t).
-6
Let m(g) = -g**2 + 6*g + g + 4 - 8*g - 2. Give m(-3).
-4
Let g(b) = -2*b - 32. Let z be g(-11). Let f(r) = r**3 + 11*r**2 + 8*r - 13. Calculate f(z).
7
Suppose 0 = 2*a + 14 - 2. Let o(i) = -2*i - 19 - 17 - 24 + 53. Give o(a).
5
Let a(t) = -2*t + 3. Let n(h) = -4*h + 1. Let p be n(-1). Let b(z) = z**3 - 6*z**2 + 5*z + 2. Let c be b(p). Determine a(c).
-1
Let u(q) = -q**3 + 4*q**2 - 2*q + 3. Let v = 28 - 14. Let a be v + (2 + -3 - 1). Suppose -4*r + r + a = 0. Give u(r).
-5
Let g be 55/(-22) - (-2)/4. Let w(z) = -z**3 - 2*z**2 + z - 2. Calculate w(g).
-4
Let t(z) = -z + 1. Suppose u = -0*u. Let p = -2 - u. Let h(m) = -m**2 - 3*m - 1. Let f(x) = p*t(x) + h(x). Give f(0).
-3
Let r(u) be the second derivative of 0 - 1/4*u**5 + 1/2*u**2 + 1/3*u**3 + 1/12*u**4 + 3*u. What is r(-1)?
5
Let b = -13 + 11. Let m(y) = -2*y**2 + 2. Determine m(b).
-6
Suppose -3*t + t + 4 = 0. Let z(o) = -2*o**2 + 0 - o - 1 + o**2. Let n(g) = -g**3 + g**2 - g + 1. Let s(m) = n(m) - z(m). What is s(t)?
2
Let k(x) = -6*x - 3. Let a(g) = 5*g + 4. Let p(l) = 2*a(l) + 3*k(l). Calculate p(-1).
7
Let s = 34 + -32. Let c(z) = -6*z + 2. Give c(s).
-10
Let p(j) be the third derivative of -j**6/15 - j**5/60 - 3*j**2. Give p(-1).
7
Let q(f) = -f**2 - 8*f - 7. Suppose j = -8 + 2. What is q(j)?
5
Let p(z) = 8*z - 20*z**2 + 9*z**2 + 12*z**2 + 3. Give p(-6).
-9
Let v(z) be the third derivative of z**6/360 + z**5/24 - 5*z**3/6 + 2*z**2. Let p(w) be the first derivative of v(